{"id":3161,"date":"2024-11-07T15:47:47","date_gmt":"2024-11-07T06:47:47","guid":{"rendered":"https:\/\/bro-sis.jp\/?page_id=3161"},"modified":"2024-11-12T11:02:15","modified_gmt":"2024-11-12T02:02:15","slug":"%e3%82%b9%e3%82%bf%e3%83%83%e3%83%95-portugues","status":"publish","type":"page","link":"https:\/\/bro-sis.jp\/?page_id=3161&lang=pt","title":{"rendered":"funcion\u00e1rios"},"content":{"rendered":"\n<div class=\"wp-block-group\"><div class=\"wp-block-group__inner-container is-layout-flow wp-block-group-is-layout-flow\">\n<figure class=\"wp-block-image size-large is-style-vk-image-photoFrame-tilt-left\"><img loading=\"lazy\" decoding=\"async\" width=\"683\" height=\"1024\" src=\"https:\/\/bro-sis.jp\/wp-content\/uploads\/2024\/03\/IMG_9977-683x1024.jpg\" alt=\"\" class=\"wp-image-2230\" srcset=\"https:\/\/bro-sis.jp\/wp-content\/uploads\/2024\/03\/IMG_9977-683x1024.jpg 683w, https:\/\/bro-sis.jp\/wp-content\/uploads\/2024\/03\/IMG_9977-200x300.jpg 200w, https:\/\/bro-sis.jp\/wp-content\/uploads\/2024\/03\/IMG_9977-768x1152.jpg 768w, https:\/\/bro-sis.jp\/wp-content\/uploads\/2024\/03\/IMG_9977-1024x1536.jpg 1024w, https:\/\/bro-sis.jp\/wp-content\/uploads\/2024\/03\/IMG_9977-1365x2048.jpg 1365w, https:\/\/bro-sis.jp\/wp-content\/uploads\/2024\/03\/IMG_9977-scaled.jpg 1707w\" sizes=\"(max-width: 683px) 100vw, 683px\" \/><\/figure>\n\n\n\n<p class=\"is-style-blockbox\"><\/p>\n<\/div><\/div>\n\n\n\n<p>Shacho Aoki<\/p>\n\n\n\n<p><strong>Yoshihisa Aoki<\/strong><\/p>\n\n\n\n<p>Meus hobbies s\u00e3o surfar, acampar e pescar.<\/p>\n\n\n\n<p>Nos meus dias de folga, sempre vou para a montanha ou para a praia com minha fam\u00edlia e brinco com a natureza.<\/p>\n\n\n\n<p>\uff1a\uff1a\uff1a\uff1a\uff1a\uff1a\uff1a\uff1a\uff1a\uff1a\uff1a\uff1a\uff1a\uff1a\uff1a\uff1a\uff1a\uff1a\uff1a\uff1a\uff1a\uff1a\uff1a\uff1a\uff1a\uff1a\uff1a\uff1a\uff1a\uff1a\uff1a\uff1a\uff1a\uff1a\uff1a\uff1a\uff1a\uff1a\uff1a\uff1a\uff1a\uff1a\uff1a\uff1a\uff1a\uff1a\uff1a\uff1a\uff1a\uff1a\uff1a\uff1a\uff1a\uff1a\uff1a\uff1a\uff1a\uff1a\uff1a\uff1a\uff1a\uff1a\uff1a\uff1a\uff1a\uff1a\uff1a\uff1a\uff1a<\/p>\n\n\n\n<p class=\"is-style-blockbox\"><\/p>\n\n\n\n<p><\/p>\n\n\n\n<figure class=\"wp-block-image size-large is-style-vk-image-photoFrame-tilt-right\"><img loading=\"lazy\" decoding=\"async\" width=\"576\" height=\"1024\" src=\"https:\/\/bro-sis.jp\/wp-content\/uploads\/2024\/03\/HORIZON_0001_BURST20240322141005131_COVER-576x1024.jpg\" alt=\"\" class=\"wp-image-2234\" srcset=\"https:\/\/bro-sis.jp\/wp-content\/uploads\/2024\/03\/HORIZON_0001_BURST20240322141005131_COVER-576x1024.jpg 576w, https:\/\/bro-sis.jp\/wp-content\/uploads\/2024\/03\/HORIZON_0001_BURST20240322141005131_COVER-169x300.jpg 169w, https:\/\/bro-sis.jp\/wp-content\/uploads\/2024\/03\/HORIZON_0001_BURST20240322141005131_COVER-768x1365.jpg 768w, https:\/\/bro-sis.jp\/wp-content\/uploads\/2024\/03\/HORIZON_0001_BURST20240322141005131_COVER-864x1536.jpg 864w, https:\/\/bro-sis.jp\/wp-content\/uploads\/2024\/03\/HORIZON_0001_BURST20240322141005131_COVER-1152x2048.jpg 1152w, https:\/\/bro-sis.jp\/wp-content\/uploads\/2024\/03\/HORIZON_0001_BURST20240322141005131_COVER-scaled.jpg 1440w\" sizes=\"(max-width: 576px) 100vw, 576px\" \/><figcaption class=\"wp-element-caption\">DSC_5071<\/figcaption><\/figure>\n\n\n\n<p class=\"is-style-blockbox\"><\/p>\n\n\n\n<p>Senhor Kai<\/p>\n\n\n\n<p><strong>Ryuichi Kai<\/strong><\/p>\n\n\n\n<p>Gerente bonito. Artes\u00e3o de couro.<\/p>\n\n\n\n<p>Trabalhamos com dilig\u00eancia e honestidade.<\/p>\n\n\n\n<p>Com uma aura que agrada a todos, independentemente da idade ou sexo, pretendemos ser a n\u00famero um na \u00e1rea em termos de atendimento, tecnologia e gest\u00e3o! !<\/p>\n\n\n\n<p>obrigado!<\/p>\n\n\n\n<p><\/p>\n\n\n\n<p class=\"is-style-blockbox\">\uff1a\uff1a\uff1a\uff1a\uff1a\uff1a\uff1a\uff1a\uff1a\uff1a\uff1a\uff1a\uff1a\uff1a\uff1a\uff1a\uff1a\uff1a\uff1a\uff1a\uff1a\uff1a\uff1a\uff1a\uff1a\uff1a\uff1a\uff1a\uff1a\uff1a\uff1a\uff1a\uff1a\uff1a\uff1a\uff1a\uff1a\uff1a\uff1a\uff1a\uff1a\uff1a\uff1a\uff1a\uff1a\uff1a\uff1a\uff1a\uff1a\uff1a\uff1a\uff1a\uff1a\uff1a\uff1a\uff1a\uff1a\uff1a\uff1a\uff1a\uff1a\uff1a\uff1a\uff1a\uff1a\uff1a\uff1a\uff1a\uff1a<\/p>\n\n\n\n<p class=\"is-style-blockbox\"><\/p>\n\n\n\n<p class=\"is-style-blockbox\"><\/p>\n\n\n\n<figure class=\"wp-block-image size-large is-resized is-style-vk-image-photoFrame-tilt-left\"><img loading=\"lazy\" decoding=\"async\" width=\"1024\" height=\"683\" src=\"https:\/\/bro-sis.jp\/wp-content\/uploads\/2023\/01\/\u3057\u3085\u3093\u541b-1024x683.jpg\" alt=\"\" class=\"wp-image-1474\" style=\"width:714px;height:476px\" srcset=\"https:\/\/bro-sis.jp\/wp-content\/uploads\/2023\/01\/\u3057\u3085\u3093\u541b-1024x683.jpg 1024w, https:\/\/bro-sis.jp\/wp-content\/uploads\/2023\/01\/\u3057\u3085\u3093\u541b-300x200.jpg 300w, https:\/\/bro-sis.jp\/wp-content\/uploads\/2023\/01\/\u3057\u3085\u3093\u541b-768x512.jpg 768w, https:\/\/bro-sis.jp\/wp-content\/uploads\/2023\/01\/\u3057\u3085\u3093\u541b.jpg 1080w\" sizes=\"(max-width: 1024px) 100vw, 1024px\" \/><\/figure>\n\n\n\n<p class=\"is-style-blockbox\"><\/p>\n\n\n\n<p>Naka-chan<\/p>\n\n\n\n<p><strong>Tomoyuki Nakagawa<\/strong><\/p>\n\n\n\n<p>A energia escondida em seu sorriso gentil \u00e9 excelente.<\/p>\n\n\n\n<p>Usando velocidade e precis\u00e3o como armas, voc\u00ea realizar\u00e1 manuten\u00e7\u00e3o em carros, um ap\u00f3s o outro.<\/p>\n\n\n\n<p>Tenho experi\u00eancia de estudar no exterior e tamb\u00e9m adoro m\u00fasica. Um dos meus hobbies \u00e9 ficar animado com apresenta\u00e7\u00f5es ao vivo.<\/p>\n\n\n\n<p>Eu me abstenho de comer doces.<\/p>\n\n\n\n<p class=\"is-style-blockbox\">\uff1a\uff1a\uff1a\uff1a\uff1a\uff1a\uff1a\uff1a\uff1a\uff1a\uff1a\uff1a\uff1a\uff1a\uff1a\uff1a\uff1a\uff1a\uff1a\uff1a\uff1a\uff1a\uff1a\uff1a\uff1a\uff1a\uff1a\uff1a\uff1a\uff1a\uff1a\uff1a\uff1a\uff1a\uff1a\uff1a\uff1a\uff1a\uff1a\uff1a\uff1a\uff1a\uff1a\uff1a\uff1a\uff1a\uff1a\uff1a\uff1a\uff1a\uff1a\uff1a\uff1a\uff1a\uff1a\uff1a\uff1a\uff1a\uff1a\uff1a\uff1a\uff1a\uff1a\uff1a\uff1a\uff1a\uff1a\uff1a<\/p>\n\n\n\n<p><\/p>\n\n\n\n<figure class=\"wp-block-image size-large is-style-vk-image-photoFrame-tilt-left\"><img loading=\"lazy\" decoding=\"async\" width=\"1024\" height=\"870\" src=\"https:\/\/bro-sis.jp\/wp-content\/uploads\/2024\/03\/DSC_5068-1024x870.jpg\" alt=\"\" class=\"wp-image-2232\" srcset=\"https:\/\/bro-sis.jp\/wp-content\/uploads\/2024\/03\/DSC_5068-1024x870.jpg 1024w, https:\/\/bro-sis.jp\/wp-content\/uploads\/2024\/03\/DSC_5068-300x255.jpg 300w, https:\/\/bro-sis.jp\/wp-content\/uploads\/2024\/03\/DSC_5068-768x652.jpg 768w, https:\/\/bro-sis.jp\/wp-content\/uploads\/2024\/03\/DSC_5068-1536x1305.jpg 1536w, https:\/\/bro-sis.jp\/wp-content\/uploads\/2024\/03\/DSC_5068-2048x1739.jpg 2048w\" sizes=\"(max-width: 1024px) 100vw, 1024px\" \/><figcaption class=\"wp-element-caption\">DSC_5068<\/figcaption><\/figure>\n\n\n\n<p>Naka-chan<\/p>\n\n\n\n<p><strong>Tomoyuki Nakagawa<\/strong><\/p>\n\n\n\n<p>A energia escondida em seu sorriso gentil \u00e9 excelente.<\/p>\n\n\n\n<p>Usando velocidade e precis\u00e3o como armas, voc\u00ea realizar\u00e1 manuten\u00e7\u00e3o em carros, um ap\u00f3s o outro.<\/p>\n\n\n\n<p>Tenho experi\u00eancia de estudar no exterior e tamb\u00e9m adoro m\u00fasica. Um dos meus hobbies \u00e9 ficar animado com apresenta\u00e7\u00f5es ao vivo.<\/p>\n\n\n\n<p>Eu me abstenho de comer doces.<\/p>\n\n\n\n<p><\/p>\n\n\n\n<p>\uff1a\uff1a\uff1a\uff1a\uff1a\uff1a\uff1a\uff1a\uff1a\uff1a\uff1a\uff1a\uff1a\uff1a\uff1a\uff1a\uff1a\uff1a\uff1a\uff1a\uff1a\uff1a\uff1a\uff1a\uff1a\uff1a\uff1a\uff1a\uff1a\uff1a\uff1a\uff1a\uff1a\uff1a\uff1a\uff1a\uff1a\uff1a\uff1a\uff1a\uff1a\uff1a\uff1a\uff1a\uff1a\uff1a\uff1a\uff1a\uff1a\uff1a\uff1a\uff1a\uff1a\uff1a\uff1a\uff1a\uff1a\uff1a\uff1a\uff1a\uff1a\uff1a\uff1a\uff1a\uff1a\uff1a\uff1a\uff1a\uff1a<\/p>\n\n\n\n<div class=\"wp-block-group\"><div class=\"wp-block-group__inner-container is-layout-flow wp-block-group-is-layout-flow\">\n<figure class=\"wp-block-image size-large is-style-vk-image-photoFrame-tilt-right\"><img loading=\"lazy\" decoding=\"async\" width=\"1024\" height=\"576\" src=\"https:\/\/bro-sis.jp\/wp-content\/uploads\/2024\/03\/DSC_5071-1024x576.jpg\" alt=\"\" class=\"wp-image-2236\" srcset=\"https:\/\/bro-sis.jp\/wp-content\/uploads\/2024\/03\/DSC_5071-1024x576.jpg 1024w, https:\/\/bro-sis.jp\/wp-content\/uploads\/2024\/03\/DSC_5071-300x169.jpg 300w, https:\/\/bro-sis.jp\/wp-content\/uploads\/2024\/03\/DSC_5071-768x432.jpg 768w, https:\/\/bro-sis.jp\/wp-content\/uploads\/2024\/03\/DSC_5071-1536x864.jpg 1536w, https:\/\/bro-sis.jp\/wp-content\/uploads\/2024\/03\/DSC_5071-2048x1152.jpg 2048w, https:\/\/bro-sis.jp\/wp-content\/uploads\/2024\/03\/DSC_5071-320x180.jpg 320w\" sizes=\"(max-width: 1024px) 100vw, 1024px\" \/><figcaption class=\"wp-element-caption\">DSC_5071<\/figcaption><\/figure>\n<\/div><\/div>\n\n\n\n<p>capit\u00e3o<\/p>\n\n\n\n<p><strong>Megumi Watanabe (Megumi Watanabe)<\/strong><\/p>\n\n\n\n<p>Lidamos com tudo, desde vendas de autom\u00f3veis, compras, seguros, etc.<\/p>\n\n\n\n<p>Adoro o mar, os rios e os charcos.<\/p>\n\n\n\n<p>Embora ela seja sempre inteligente e animada, ela realmente deseja viver uma vida tranquila.<\/p>\n\n\n\n<p>Meu lema \u00e9 perder dinheiro no curto prazo.<\/p>\n\n\n\n<p class=\"is-style-blockbox\">\uff1a\uff1a\uff1a\uff1a\uff1a\uff1a\uff1a\uff1a\uff1a\uff1a\uff1a\uff1a\uff1a\uff1a\uff1a\uff1a\uff1a\uff1a\uff1a\uff1a\uff1a\uff1a\uff1a\uff1a\uff1a\uff1a\uff1a\uff1a\uff1a\uff1a\uff1a\uff1a\uff1a\uff1a\uff1a\uff1a\uff1a\uff1a\uff1a\uff1a\uff1a\uff1a\uff1a\uff1a\uff1a\uff1a\uff1a\uff1a\uff1a\uff1a\uff1a\uff1a\uff1a\uff1a\uff1a\uff1a\uff1a\uff1a\uff1a\uff1a\uff1a\uff1a\uff1a\uff1a\uff1a\uff1a\uff1a\uff1a\uff1a<\/p>\n\n\n\n<p><\/p>\n\n\n\n<p><\/p>\n\n\n\n<figure class=\"wp-block-image size-large is-style-vk-image-photoFrame-tilt-left\"><img loading=\"lazy\" decoding=\"async\" width=\"1024\" height=\"768\" src=\"https:\/\/bro-sis.jp\/wp-content\/uploads\/2024\/03\/1711084773427-1024x768.jpg\" alt=\"\" class=\"wp-image-2235\" srcset=\"https:\/\/bro-sis.jp\/wp-content\/uploads\/2024\/03\/1711084773427-1024x768.jpg 1024w, https:\/\/bro-sis.jp\/wp-content\/uploads\/2024\/03\/1711084773427-300x225.jpg 300w, https:\/\/bro-sis.jp\/wp-content\/uploads\/2024\/03\/1711084773427-768x576.jpg 768w, https:\/\/bro-sis.jp\/wp-content\/uploads\/2024\/03\/1711084773427.jpg 1478w\" sizes=\"(max-width: 1024px) 100vw, 1024px\" \/><\/figure>\n\n\n\n<p>energia fresca<\/p>\n\n\n\n<p><strong>Tsuzuki Kurumi<\/strong>&nbsp;(Tsuzuki Kurumi)<\/p>\n\n\n\n<p>Uma jovem esperan\u00e7a cheia de poder!<\/p>\n\n\n\n<p>Pintura, montagem e destreza.<\/p>\n\n\n\n<p>Criamos carros maravilhosos com cuidado e rapidez!<\/p>\n\n\n\n<p>Eu adoro comer! ! Quero especialmente comer muito arroz! !<\/p>\n\n\n\n<p class=\"is-style-blockbox\">\uff1a\uff1a\uff1a\uff1a\uff1a\uff1a\uff1a\uff1a\uff1a\uff1a\uff1a\uff1a\uff1a\uff1a\uff1a\uff1a\uff1a\uff1a\uff1a\uff1a\uff1a\uff1a\uff1a\uff1a\uff1a\uff1a\uff1a\uff1a\uff1a\uff1a\uff1a\uff1a\uff1a\uff1a\uff1a\uff1a\uff1a\uff1a\uff1a\uff1a\uff1a\uff1a\uff1a\uff1a\uff1a\uff1a\uff1a\uff1a\uff1a\uff1a\uff1a\uff1a\uff1a\uff1a\uff1a\uff1a\uff1a\uff1a\uff1a\uff1a\uff1a\uff1a\uff1a\uff1a\uff1a\uff1a\uff1a\uff1a\uff1a<\/p>\n\n\n\n<p class=\"is-style-blockbox\"><\/p>\n\n\n\n<p class=\"is-style-blockbox\"><\/p>\n\n\n\n<p class=\"is-style-blockbox\"><\/p>\n\n\n\n<p class=\"is-style-blockbox\"><\/p>\n\n\n\n<p class=\"is-style-blockbox\"><\/p>\n\n\n\n<p class=\"is-style-blockbox\">\uff1a\uff1a\uff1a\uff1a\uff1a\uff1a\uff1a\uff1a\uff1a\uff1a\uff1a\uff1a\uff1a\uff1a\uff1a\uff1a\uff1a\uff1a\uff1a\uff1a\uff1a\uff1a\uff1a\uff1a\uff1a\uff1a\uff1a\uff1a\uff1a\uff1a\uff1a\uff1a\uff1a\uff1a\uff1a\uff1a\uff1a\uff1a\uff1a\uff1a\uff1a\uff1a\uff1a\uff1a\uff1a\uff1a\uff1a\uff1a\uff1a\uff1a\uff1a\uff1a\uff1a\uff1a\uff1a\uff1a\uff1a\uff1a\uff1a\uff1a\uff1a\uff1a\uff1a\uff1a\uff1a\uff1a\uff1a\uff1a\uff1a<\/p>\n\n\n\n<p class=\"is-style-blockbox\"><\/p>\n\n\n\n<div class=\"wp-block-group\"><div class=\"wp-block-group__inner-container is-layout-flow wp-block-group-is-layout-flow\">\n<figure class=\"wp-block-image size-large is-resized is-style-vk-image-photoFrame-tilt-left\"><img loading=\"lazy\" decoding=\"async\" width=\"1024\" height=\"683\" src=\"https:\/\/bro-sis.jp\/wp-content\/uploads\/2022\/09\/IMG_3402-1024x683.jpg\" alt=\"\" class=\"wp-image-1417\" style=\"width:826px;height:551px\" srcset=\"https:\/\/bro-sis.jp\/wp-content\/uploads\/2022\/09\/IMG_3402-1024x683.jpg 1024w, https:\/\/bro-sis.jp\/wp-content\/uploads\/2022\/09\/IMG_3402-300x200.jpg 300w, https:\/\/bro-sis.jp\/wp-content\/uploads\/2022\/09\/IMG_3402-768x512.jpg 768w, https:\/\/bro-sis.jp\/wp-content\/uploads\/2022\/09\/IMG_3402-1536x1024.jpg 1536w, https:\/\/bro-sis.jp\/wp-content\/uploads\/2022\/09\/IMG_3402-2048x1365.jpg 2048w\" sizes=\"(max-width: 1024px) 100vw, 1024px\" \/><\/figure>\n<\/div><\/div>\n\n\n\n<p>embaixador do sorriso<\/p>\n\n\n\n<p><strong>Aya Yoshimura<\/strong><\/p>\n\n\n\n<p>De qualquer forma, esse \u00e9 Yoshimura que \u00e9 brilhante! !<\/p>\n\n\n\n<p>Respons\u00e1vel pelo trabalho de escrit\u00f3rio e seguros.<\/p>\n\n\n\n<p>Obrigado.<\/p>\n\n\n\n<p class=\"is-style-blockbox\">\uff1a\uff1a\uff1a\uff1a\uff1a\uff1a\uff1a\uff1a\uff1a\uff1a\uff1a\uff1a\uff1a\uff1a\uff1a\uff1a\uff1a\uff1a\uff1a\uff1a\uff1a\uff1a\uff1a\uff1a\uff1a\uff1a\uff1a\uff1a\uff1a\uff1a\uff1a\uff1a\uff1a\uff1a\uff1a\uff1a\uff1a\uff1a\uff1a\uff1a\uff1a\uff1a\uff1a\uff1a\uff1a\uff1a\uff1a\uff1a\uff1a\uff1a\uff1a\uff1a\uff1a\uff1a\uff1a\uff1a\uff1a\uff1a\uff1a\uff1a\uff1a\uff1a\uff1a\uff1a\uff1a\uff1a\uff1a\uff1a\uff1a<\/p>\n\n\n\n<figure class=\"wp-block-image size-large is-resized is-style-vk-image-photoFrame-tilt-right\"><img loading=\"lazy\" decoding=\"async\" width=\"576\" height=\"1024\" src=\"https:\/\/bro-sis.jp\/wp-content\/uploads\/2022\/03\/\u3082\u3063\u304f\u3093-576x1024.jpg\" alt=\"\" class=\"wp-image-1298\" style=\"width:506px;height:899px\" srcset=\"https:\/\/bro-sis.jp\/wp-content\/uploads\/2022\/03\/\u3082\u3063\u304f\u3093-576x1024.jpg 576w, https:\/\/bro-sis.jp\/wp-content\/uploads\/2022\/03\/\u3082\u3063\u304f\u3093-169x300.jpg 169w, https:\/\/bro-sis.jp\/wp-content\/uploads\/2022\/03\/\u3082\u3063\u304f\u3093-768x1365.jpg 768w, https:\/\/bro-sis.jp\/wp-content\/uploads\/2022\/03\/\u3082\u3063\u304f\u3093-864x1536.jpg 864w, https:\/\/bro-sis.jp\/wp-content\/uploads\/2022\/03\/\u3082\u3063\u304f\u3093-1152x2048.jpg 1152w, https:\/\/bro-sis.jp\/wp-content\/uploads\/2022\/03\/\u3082\u3063\u304f\u3093-scaled.jpg 1440w\" sizes=\"(max-width: 576px) 100vw, 576px\" \/><figcaption class=\"wp-element-caption\"><br>DSC_0837\u3059<\/figcaption><\/figure>\n\n\n\n<p>super ajudante<\/p>\n\n\n\n<p><strong>Mikihiro Kato (Kato Motohiro<\/strong>&nbsp;)<\/p>\n\n\n\n<p>Um superajudante verdadeiramente confi\u00e1vel enquanto frequentava a escola profissionalizante.<\/p>\n\n\n\n<p>Eu amo algas\u2661 Gosto especialmente da parte do mekabu.<\/p>\n\n\n\n<p>No meu tempo livre, gosto de jogar beisebol como hobby.<\/p>\n\n\n\n<p class=\"is-style-blockbox\"><\/p>\n\n\n\n<p class=\"is-style-blockbox\">\uff1a\uff1a\uff1a\uff1a\uff1a\uff1a\uff1a\uff1a\uff1a\uff1a\uff1a\uff1a\uff1a\uff1a\uff1a\uff1a\uff1a\uff1a\uff1a\uff1a\uff1a\uff1a\uff1a\uff1a\uff1a\uff1a\uff1a\uff1a\uff1a\uff1a\uff1a\uff1a\uff1a\uff1a\uff1a\uff1a\uff1a\uff1a\uff1a\uff1a\uff1a\uff1a\uff1a\uff1a\uff1a\uff1a\uff1a\uff1a\uff1a\uff1a\uff1a\uff1a\uff1a\uff1a\uff1a\uff1a\uff1a\uff1a\uff1a\uff1a\uff1a\uff1a\uff1a\uff1a\uff1a\uff1a\uff1a\uff1a\uff1a<\/p>\n<div class=\"veu_socialSet veu_socialSet-position-after veu_contentAddSection\"><script>window.twttr=(function(d,s,id){var js,fjs=d.getElementsByTagName(s)[0],t=window.twttr||{};if(d.getElementById(id))return t;js=d.createElement(s);js.id=id;js.src=\"https:\/\/platform.twitter.com\/widgets.js\";fjs.parentNode.insertBefore(js,fjs);t._e=[];t.ready=function(f){t._e.push(f);};return t;}(document,\"script\",\"twitter-wjs\"));<\/script><ul><\/ul><\/div><!-- [ \/.socialSet ] -->","protected":false},"excerpt":{"rendered":"<p>Shacho Aoki Yoshihisa Aoki Meus hobbies s\u00e3o surfar, acampar e pescar. Nos meus dias de folga, sempre vou para  [&hellip;]<\/p>\n","protected":false},"author":1,"featured_media":0,"parent":0,"menu_order":0,"comment_status":"closed","ping_status":"closed","template":"","meta":{"footnotes":""},"aioseo_notices":[],"_links":{"self":[{"href":"https:\/\/bro-sis.jp\/index.php?rest_route=\/wp\/v2\/pages\/3161"}],"collection":[{"href":"https:\/\/bro-sis.jp\/index.php?rest_route=\/wp\/v2\/pages"}],"about":[{"href":"https:\/\/bro-sis.jp\/index.php?rest_route=\/wp\/v2\/types\/page"}],"author":[{"embeddable":true,"href":"https:\/\/bro-sis.jp\/index.php?rest_route=\/wp\/v2\/users\/1"}],"replies":[{"embeddable":true,"href":"https:\/\/bro-sis.jp\/index.php?rest_route=%2Fwp%2Fv2%2Fcomments&post=3161"}],"version-history":[{"count":2,"href":"https:\/\/bro-sis.jp\/index.php?rest_route=\/wp\/v2\/pages\/3161\/revisions"}],"predecessor-version":[{"id":3490,"href":"https:\/\/bro-sis.jp\/index.php?rest_route=\/wp\/v2\/pages\/3161\/revisions\/3490"}],"wp:attachment":[{"href":"https:\/\/bro-sis.jp\/index.php?rest_route=%2Fwp%2Fv2%2Fmedia&parent=3161"}],"curies":[{"name":"wp","href":"https:\/\/api.w.org\/{rel}","templated":true}]}}