{"id":3196,"date":"2024-11-07T15:48:31","date_gmt":"2024-11-07T06:48:31","guid":{"rendered":"https:\/\/bro-sis.jp\/?page_id=3196"},"modified":"2024-11-12T10:52:47","modified_gmt":"2024-11-12T01:52:47","slug":"%e8%bc%b8%e5%87%ba%e5%85%a5-espanol","status":"publish","type":"page","link":"https:\/\/bro-sis.jp\/?page_id=3196&lang=es","title":{"rendered":"importar\/exportar"},"content":{"rendered":"\n<figure class=\"wp-block-gallery has-nested-images columns-default is-cropped wp-block-gallery-1 is-layout-flex wp-block-gallery-is-layout-flex\">\n<figure class=\"wp-block-image size-large\"><img loading=\"lazy\" decoding=\"async\" width=\"1024\" height=\"640\" data-id=\"387\" src=\"https:\/\/bro-sis.jp\/wp-content\/uploads\/2020\/07\/VAN3pepl-1024x640.jpg\" alt=\"\" class=\"wp-image-387\" srcset=\"https:\/\/bro-sis.jp\/wp-content\/uploads\/2020\/07\/VAN3pepl-1024x640.jpg 1024w, https:\/\/bro-sis.jp\/wp-content\/uploads\/2020\/07\/VAN3pepl-300x188.jpg 300w, https:\/\/bro-sis.jp\/wp-content\/uploads\/2020\/07\/VAN3pepl-768x480.jpg 768w, https:\/\/bro-sis.jp\/wp-content\/uploads\/2020\/07\/VAN3pepl.jpg 1400w\" sizes=\"(max-width: 1024px) 100vw, 1024px\" \/><\/figure>\n<\/figure>\n\n\n\n<p class=\"has-text-align-center header-top\"><br><\/p>\n\n\n\n<p><\/p>\n\n\n\n<div class=\"wp-block-columns header-top is-layout-flex wp-container-core-columns-is-layout-1 wp-block-columns-is-layout-flex\">\n<div class=\"wp-block-column is-layout-flow wp-block-column-is-layout-flow\" style=\"flex-basis:55%\">\n<figure class=\"wp-block-gallery has-nested-images columns-default is-cropped wp-block-gallery-2 is-layout-flex wp-block-gallery-is-layout-flex\">\n<figure class=\"wp-block-image size-large\"><img loading=\"lazy\" decoding=\"async\" width=\"1000\" height=\"750\" src=\"https:\/\/bro-sis.jp\/wp-content\/uploads\/2020\/07\/cars.jpg\" alt=\"\" class=\"wp-image-356\" srcset=\"https:\/\/bro-sis.jp\/wp-content\/uploads\/2020\/07\/cars.jpg 1000w, https:\/\/bro-sis.jp\/wp-content\/uploads\/2020\/07\/cars-300x225.jpg 300w, https:\/\/bro-sis.jp\/wp-content\/uploads\/2020\/07\/cars-768x576.jpg 768w\" sizes=\"(max-width: 1000px) 100vw, 1000px\" \/><\/figure>\n<\/figure>\n<\/div>\n\n\n\n<div class=\"wp-block-column is-layout-flow wp-block-column-is-layout-flow\" style=\"flex-basis:66.66%\">\n<h3 class=\"wp-block-heading\"><strong><strong>importar<\/strong><\/strong><\/h3>\n\n\n\n<p>Importaci\u00f3n: Apoyamos la importaci\u00f3n de todo tipo de art\u00edculos de primera necesidad, art\u00edculos para pasatiempos, equipos de OA, impresoras 3D, equipos industriales, ropa y art\u00edculos de moda desde China, donde las compras son econ\u00f3micas. Incluso le presentaremos a los contratistas y conductores locales. Quiero venderlo en Jap\u00f3n, pero no s\u00e9 c\u00f3mo importarlo de China. Podemos apoyar a esas personas.<\/p>\n\n\n\n<p>Organizar el despacho de aduanas y el transporte de la carga que llega a Jap\u00f3n. Soporte para establecer condiciones de pago.<\/p>\n\n\n\n<p>Inspecci\u00f3n in situ e introducci\u00f3n a la f\u00e1brica. Presentaremos proveedores en regiones espec\u00edficas para cada producto, ya que cada producto tiene su especialidad en diferentes regiones.<\/p>\n\n\n\n<p><br><\/p>\n<\/div>\n<\/div>\n\n\n\n<div class=\"wp-block-columns is-layout-flex wp-container-core-columns-is-layout-2 wp-block-columns-is-layout-flex\">\n<div class=\"wp-block-column sp-img is-layout-flow wp-block-column-is-layout-flow\" style=\"flex-basis:55%\">\n<figure class=\"wp-block-gallery has-nested-images columns-default is-cropped wp-block-gallery-3 is-layout-flex wp-block-gallery-is-layout-flex\">\n<figure class=\"wp-block-image size-large\"><img loading=\"lazy\" decoding=\"async\" width=\"1024\" height=\"683\" src=\"https:\/\/bro-sis.jp\/wp-content\/uploads\/2020\/09\/IMG_1053-1024x683.jpg\" alt=\"\" class=\"wp-image-550\" srcset=\"https:\/\/bro-sis.jp\/wp-content\/uploads\/2020\/09\/IMG_1053-1024x683.jpg 1024w, https:\/\/bro-sis.jp\/wp-content\/uploads\/2020\/09\/IMG_1053-300x200.jpg 300w, https:\/\/bro-sis.jp\/wp-content\/uploads\/2020\/09\/IMG_1053-768x512.jpg 768w, https:\/\/bro-sis.jp\/wp-content\/uploads\/2020\/09\/IMG_1053-1536x1024.jpg 1536w, https:\/\/bro-sis.jp\/wp-content\/uploads\/2020\/09\/IMG_1053-2048x1365.jpg 2048w\" sizes=\"(max-width: 1024px) 100vw, 1024px\" \/><\/figure>\n<\/figure>\n<\/div>\n\n\n\n<div class=\"wp-block-column is-layout-flow wp-block-column-is-layout-flow\" style=\"flex-basis:66.66%\">\n<h3 class=\"wp-block-heading\"><strong><strong>exportar<\/strong><\/strong><\/h3>\n\n\n\n<p>Exportar: Quiero exportar productos japoneses o art\u00edculos personales al extranjero. Te apoyamos pase lo que pase.<\/p>\n\n\n\n<p>Despacho de aduanas en Jap\u00f3n, arreglos de transporte, gesti\u00f3n de almacenamiento en puertos, arreglos de contenedores, env\u00edo, emisi\u00f3n de facturas (carta de porte), emisi\u00f3n de BL (conocimiento de embarque)<\/p>\n\n\n\n<p>Aceptaci\u00f3n local e introducci\u00f3n de proveedores. Introducci\u00f3n de compradores locales.<\/p>\n\n\n\n<p><br><\/p>\n<\/div>\n<\/div>\n\n\n\n<div class=\"wp-block-columns is-layout-flex wp-container-core-columns-is-layout-3 wp-block-columns-is-layout-flex\">\n<div class=\"wp-block-column is-layout-flow wp-block-column-is-layout-flow\" style=\"flex-basis:66.66%\"><\/div>\n\n\n\n<div class=\"wp-block-column is-layout-flow wp-block-column-is-layout-flow\" style=\"flex-basis:55%\"><\/div>\n<\/div>\n\n\n\n<p><\/p>\n\n\n\n<h2 class=\"wp-block-heading has-text-align-center header-top\" style=\"line-height:2.5\"><\/h2>\n\n\n\n<div class=\"wp-block-columns header-top is-layout-flex wp-container-core-columns-is-layout-4 wp-block-columns-is-layout-flex\"><\/div>\n<div class=\"veu_socialSet veu_socialSet-position-after veu_contentAddSection\"><script>window.twttr=(function(d,s,id){var js,fjs=d.getElementsByTagName(s)[0],t=window.twttr||{};if(d.getElementById(id))return t;js=d.createElement(s);js.id=id;js.src=\"https:\/\/platform.twitter.com\/widgets.js\";fjs.parentNode.insertBefore(js,fjs);t._e=[];t.ready=function(f){t._e.push(f);};return t;}(document,\"script\",\"twitter-wjs\"));<\/script><ul><\/ul><\/div><!-- [ \/.socialSet ] -->","protected":false},"excerpt":{"rendered":"<p>importar Importaci\u00f3n: Apoyamos la importaci\u00f3n de todo tipo de art\u00edculos de primera necesidad, art\u00edculos para p [&hellip;]<\/p>\n","protected":false},"author":1,"featured_media":0,"parent":0,"menu_order":0,"comment_status":"closed","ping_status":"closed","template":"","meta":{"footnotes":""},"aioseo_notices":[],"_links":{"self":[{"href":"https:\/\/bro-sis.jp\/index.php?rest_route=\/wp\/v2\/pages\/3196"}],"collection":[{"href":"https:\/\/bro-sis.jp\/index.php?rest_route=\/wp\/v2\/pages"}],"about":[{"href":"https:\/\/bro-sis.jp\/index.php?rest_route=\/wp\/v2\/types\/page"}],"author":[{"embeddable":true,"href":"https:\/\/bro-sis.jp\/index.php?rest_route=\/wp\/v2\/users\/1"}],"replies":[{"embeddable":true,"href":"https:\/\/bro-sis.jp\/index.php?rest_route=%2Fwp%2Fv2%2Fcomments&post=3196"}],"version-history":[{"count":2,"href":"https:\/\/bro-sis.jp\/index.php?rest_route=\/wp\/v2\/pages\/3196\/revisions"}],"predecessor-version":[{"id":3469,"href":"https:\/\/bro-sis.jp\/index.php?rest_route=\/wp\/v2\/pages\/3196\/revisions\/3469"}],"wp:attachment":[{"href":"https:\/\/bro-sis.jp\/index.php?rest_route=%2Fwp%2Fv2%2Fmedia&parent=3196"}],"curies":[{"name":"wp","href":"https:\/\/api.w.org\/{rel}","templated":true}]}}