{"id":3382,"date":"2021-05-01T16:46:27","date_gmt":"2021-05-01T07:46:27","guid":{"rendered":"https:\/\/bro-sis.jp\/?page_id=3382"},"modified":"2024-11-12T10:54:34","modified_gmt":"2024-11-12T01:54:34","slug":"%e3%82%ab%e3%82%b9%e3%82%bf%e3%83%a0-%e3%82%b9%e3%83%9a%e3%82%a4%e3%83%b3","status":"publish","type":"page","link":"https:\/\/bro-sis.jp\/?page_id=3382&lang=es","title":{"rendered":"costumbre"},"content":{"rendered":"\n<p>\u00a1Quiero crear un coche que sea de mi agrado y que exprese mis propios pensamientos! !\u3000\u3000\u3000<\/p>\n\n\n\n<p>Demos forma a esa idea.<\/p>\n\n\n\n<p>\u00a1Para aquellos que quieren hacerlo elegante y personalizado sin sacrificar la practicidad! \u00a1Para aquellos que quieren probarlo pero no est\u00e1n seguros de d\u00f3nde pedirlo!<\/p>\n\n\n\n<p>\u00a1Por favor cont\u00e1ctenos primero! ! \u00bfLe gustar\u00eda crear el autom\u00f3vil de su elecci\u00f3n con nuestro personal experimentado?<\/p>\n\n\n\n<p>Con eso en mente, \u00a1Bro-Sis te ayudar\u00e1! !<\/p>\n\n\n\n<div class=\"wp-block-vk-blocks-card vk_posts vk_card_6b182231-0c6d-4ebe-a752-bd4835c3cadb\">\n<div class=\"wp-block-vk-blocks-card-item vk_post card card-post vk_card_item vk_post-col-xs-12 vk_post-col-sm-6 vk_post-col-md-4 vk_post-col-lg-4 vk_post-col-xl-4 vk_post-col-xxl-4\nvk_post-btn-display\"><div class=\"vk_post_imgOuter\" style=\"background-image:url(https:\/\/bro-sis.jp\/wp-content\/uploads\/2024\/04\/1709631421762-2.jpg)\"><a href=\"https:\/\/bro-sis.jp\/?page_id=1965\"><div class=\"card-img-overlay\"><\/div><\/a><\/div><div class=\"vk_post_body card-body\"><h5 class=\"vk_post_title card-title has-text-align-left\">ni\u00f1o original<\/h5><p class=\"vk_post_excerpt card-text has-text-align-left\"><\/p>\n<p><\/p>\n<div class=\"vk_post_btnOuter has-text-align-right\"><a class=\"btn btn-primary vk_post_btn\" href=\"https:\/\/bro-sis.jp\/?page_id=1965\">Read more<\/a><\/div><\/div><\/div>\n\n\n\n<div class=\"wp-block-vk-blocks-card-item vk_post card card-post vk_card_item vk_post-col-xs-12 vk_post-col-sm-6 vk_post-col-md-4 vk_post-col-lg-4 vk_post-col-xl-4 vk_post-col-xxl-4\nvk_post-btn-display\"><div class=\"vk_post_imgOuter\" style=\"background-image:url(https:\/\/bro-sis.jp\/wp-content\/uploads\/2024\/01\/1704852860830-1.jpg)\"><a href=\"https:\/\/bro-sis.jp\/?page_id=1583\"><div class=\"card-img-overlay\"><\/div><\/a><\/div><div class=\"vk_post_body card-body\"><h5 class=\"vk_post_title card-title has-text-align-left\">toda la pintura<\/h5><p class=\"vk_post_excerpt card-text has-text-align-left\"><\/p><div class=\"vk_post_btnOuter has-text-align-right\"><a class=\"btn btn-primary vk_post_btn\" href=\"https:\/\/bro-sis.jp\/?page_id=1583\">Read more<\/a><\/div><\/div><\/div>\n\n\n\n<div class=\"wp-block-vk-blocks-card-item vk_post card card-post vk_card_item vk_post-col-xs-12 vk_post-col-sm-6 vk_post-col-md-4 vk_post-col-lg-4 vk_post-col-xl-4 vk_post-col-xxl-4\nvk_post-btn-display\"><div class=\"vk_post_imgOuter\" style=\"background-image:url(https:\/\/bro-sis.jp\/wp-content\/uploads\/2024\/04\/1709629914898-0-4.jpg)\"><a href=\"https:\/\/bro-sis.jp\/?page_id=2359\"><div class=\"card-img-overlay\"><\/div><\/a><\/div><div class=\"vk_post_body card-body\"><h5 class=\"vk_post_title card-title has-text-align-left\">exterior personalizado<\/h5><p class=\"vk_post_excerpt card-text has-text-align-left\"><\/p><div class=\"vk_post_btnOuter has-text-align-right\"><a class=\"btn btn-primary vk_post_btn\" href=\"https:\/\/bro-sis.jp\/?page_id=2359\">Read more<\/a><\/div><\/div><\/div>\n\n\n\n<div class=\"wp-block-vk-blocks-card-item vk_post card card-post vk_card_item vk_post-col-xs-12 vk_post-col-sm-6 vk_post-col-md-4 vk_post-col-lg-4 vk_post-col-xl-4 vk_post-col-xxl-4\nvk_post-btn-display\"><div class=\"vk_post_imgOuter\" style=\"background-image:url(https:\/\/bro-sis.jp\/wp-content\/uploads\/2023\/04\/4DF603AB-E70A-4CFC-8A66-6E4DE64EB71F.jpg)\"><a href=\"https:\/\/bro-sis.jp\/?page_id=1634\"><div class=\"card-img-overlay\"><\/div><\/a><\/div><div class=\"vk_post_body card-body\"><h5 class=\"vk_post_title card-title has-text-align-left\">reprimenda interior<\/h5><p class=\"vk_post_excerpt card-text has-text-align-left\"><\/p><div class=\"vk_post_btnOuter has-text-align-right\"><a class=\"btn btn-primary vk_post_btn\" href=\"https:\/\/bro-sis.jp\/?page_id=1634\">Read more<\/a><\/div><\/div><\/div>\n\n\n\n<div class=\"wp-block-vk-blocks-card-item vk_post card card-post vk_card_item vk_post-col-xs-12 vk_post-col-sm-6 vk_post-col-md-4 vk_post-col-lg-4 vk_post-col-xl-4 vk_post-col-xxl-4\nvk_post-btn-display\"><div class=\"vk_post_imgOuter\" style=\"background-image:url(https:\/\/bro-sis.jp\/wp-content\/uploads\/2024\/03\/1709632310608-18-1.jpg)\"><a href=\"https:\/\/bro-sis.jp\/?page_id=2275\"><div class=\"card-img-overlay\"><\/div><\/a><\/div><div class=\"vk_post_body card-body\"><h5 class=\"vk_post_title card-title has-text-align-left\">funda de asiento original<\/h5><p class=\"vk_post_excerpt card-text has-text-align-left\"><\/p><div class=\"vk_post_btnOuter has-text-align-right\"><a class=\"btn btn-primary vk_post_btn\" href=\"https:\/\/bro-sis.jp\/?page_id=2275\">Read more<\/a><\/div><\/div><\/div>\n\n\n\n<div class=\"wp-block-vk-blocks-card-item vk_post card card-post vk_card_item vk_post-col-xs-12 vk_post-col-sm-6 vk_post-col-md-4 vk_post-col-lg-4 vk_post-col-xl-4 vk_post-col-xxl-4\nvk_post-btn-display\"><div class=\"vk_post_imgOuter\"><div class=\"card-img-overlay\"><\/div><\/div><div class=\"vk_post_body card-body\"><h5 class=\"vk_post_title card-title has-text-align-left\"><\/h5><p class=\"vk_post_excerpt card-text has-text-align-left\"><\/p><div class=\"vk_post_btnOuter has-text-align-right\"><a class=\"btn btn-primary vk_post_btn\" href=\"\">Read more<\/a><\/div><\/div><\/div>\n<\/div><style type=\"text\/css\">@media (max-width: 575.98px) {\n\t\t.vk_card_6b182231-0c6d-4ebe-a752-bd4835c3cadb .vk_card_item .vk_post_imgOuter::before{\n\t\t\tpadding-top:150px!important;\n\t\t}\n\t}\n\t@media (min-width: 576px) and (max-width: 991.98px) {\n\t\t.vk_card_6b182231-0c6d-4ebe-a752-bd4835c3cadb .vk_card_item .vk_post_imgOuter::before{\n\t\t\tpadding-top:150px!important;\n\t\t}\n\t}\n\t@media (min-width: 992px) {\n\t\t.vk_card_6b182231-0c6d-4ebe-a752-bd4835c3cadb .vk_card_item .vk_post_imgOuter::before{\n\t\t\tpadding-top:150px!important;\n\t\t}\n\t}<\/style>\n\n\n\n<p><\/p>\n\n\n\n<p><\/p>\n\n\n\n<p><\/p>\n\n\n\n<p><\/p>\n\n\n\n<p><\/p>\n\n\n\n<p><\/p>\n\n\n\n<p><\/p>\n\n\n\n<p><\/p>\n\n\n\n<p><\/p>\n\n\n\n<p><\/p>\n\n\n\n<p><\/p>\n\n\n\n<p class=\"has-medium-font-size\"><strong><span data-color=\"#8ed1fc\" style=\"background: linear-gradient(transparent 60%,rgba(142, 209, 252, 0.7) 0);\" class=\"vk_highlighter\"><a href=\"https:\/\/bro-sis.jp\/?page_id=1965\"><strong><\/strong><\/a><strong><a href=\"https:\/\/bro-sis.jp\/?page_id=1965\">ni\u00f1o original<\/a><\/strong><\/span><\/strong><\/p>\n\n\n\n<p class=\"is-style-blockbox\" style=\"font-size:1px\"><strong>\u30aa\u30ea\u30b8\u30ca\u30eb\u30ad\u30c3\u30c9<\/strong><\/p>\n\n\n\n<p class=\"has-medium-font-size\" style=\"line-height:3.3\"><strong><a href=\"https:\/\/bro-sis.jp\/?page_id=1583\"><span data-color=\"#8ed1fc\" style=\"background: linear-gradient(transparent 60%,rgba(142, 209, 252, 0.7) 0);\" class=\"vk_highlighter\"><\/span><\/a><strong><a href=\"https:\/\/bro-sis.jp\/?page_id=1583\"><span data-color=\"#8ed1fc\" style=\"background: linear-gradient(transparent 60%,rgba(142, 209, 252, 0.7) 0);\" class=\"vk_highlighter\">toda la pintura<\/span><\/a><\/strong><\/strong><\/p>\n\n\n\n<p class=\"has-medium-font-size\" style=\"line-height:3.3\"><span data-color=\"#8ed1fc\" style=\"background: linear-gradient(transparent 60%,rgba(142, 209, 252, 0.7) 0);\" class=\"vk_highlighter\"><strong><a href=\"https:\/\/bro-sis.jp\/?page_id=2359\"><strong><\/strong><\/a><strong><a href=\"https:\/\/bro-sis.jp\/?page_id=2359\">exterior personalizado<\/a><\/strong><\/strong><\/span><\/p>\n\n\n\n<p class=\"has-medium-font-size\"><a href=\"https:\/\/bro-sis.jp\/?page_id=1634\"><strong><span data-color=\"#8ed1fc\" style=\"background: linear-gradient(transparent 60%,rgba(142, 209, 252, 0.7) 0);\" class=\"vk_highlighter\"><\/span><\/strong><\/a><strong><a href=\"https:\/\/bro-sis.jp\/?page_id=1634\"><strong><span data-color=\"#8ed1fc\" style=\"background: linear-gradient(transparent 60%,rgba(142, 209, 252, 0.7) 0);\" class=\"vk_highlighter\">reprimenda interior<\/span><\/strong><\/a><\/strong><\/p>\n\n\n\n<p class=\"has-medium-font-size\" style=\"line-height:3.3\"><span data-color=\"#8ed1fc\" style=\"background: linear-gradient(transparent 60%,rgba(142, 209, 252, 0.7) 0);\" class=\"vk_highlighter\"><strong><a href=\"https:\/\/bro-sis.jp\/?page_id=2275\"><strong><\/strong><\/a><strong><a href=\"https:\/\/bro-sis.jp\/?page_id=2275\">funda de asiento original<\/a><\/strong><\/strong><\/span><\/p>\n\n\n\n<p><\/p>\n\n\n\n<hr class=\"wp-block-separator has-css-opacity is-style-wide\"\/>\n\n\n\n<div class=\"wp-block-vk-blocks-spacer vk_spacer vk_spacer-type-margin-top\"><div class=\"vk_block-margin-md--margin-top\"><\/div><\/div>\n\n\n\n<p><strong><strong>ni\u00f1o original<\/strong><\/strong><\/p>\n\n\n\n<figure class=\"wp-block-gallery has-nested-images columns-default is-cropped wp-block-gallery-1 is-layout-flex wp-block-gallery-is-layout-flex\">\n<figure class=\"wp-block-image size-large\"><img loading=\"lazy\" decoding=\"async\" width=\"800\" height=\"450\" data-id=\"1746\" src=\"https:\/\/bro-sis.jp\/wp-content\/uploads\/2023\/10\/image-8.png\" alt=\"\" class=\"wp-image-1746\" srcset=\"https:\/\/bro-sis.jp\/wp-content\/uploads\/2023\/10\/image-8.png 800w, https:\/\/bro-sis.jp\/wp-content\/uploads\/2023\/10\/image-8-300x169.png 300w, https:\/\/bro-sis.jp\/wp-content\/uploads\/2023\/10\/image-8-768x432.png 768w, https:\/\/bro-sis.jp\/wp-content\/uploads\/2023\/10\/image-8-320x180.png 320w\" sizes=\"(max-width: 800px) 100vw, 800px\" \/><\/figure>\n\n\n\n<figure class=\"wp-block-image size-large\"><img loading=\"lazy\" decoding=\"async\" width=\"800\" height=\"450\" data-id=\"1742\" src=\"https:\/\/bro-sis.jp\/wp-content\/uploads\/2023\/10\/image-4.png\" alt=\"\" class=\"wp-image-1742\" srcset=\"https:\/\/bro-sis.jp\/wp-content\/uploads\/2023\/10\/image-4.png 800w, https:\/\/bro-sis.jp\/wp-content\/uploads\/2023\/10\/image-4-300x169.png 300w, https:\/\/bro-sis.jp\/wp-content\/uploads\/2023\/10\/image-4-768x432.png 768w, https:\/\/bro-sis.jp\/wp-content\/uploads\/2023\/10\/image-4-320x180.png 320w\" sizes=\"(max-width: 800px) 100vw, 800px\" \/><\/figure>\n\n\n\n<figure class=\"wp-block-image size-large\"><img loading=\"lazy\" decoding=\"async\" width=\"800\" height=\"450\" data-id=\"1743\" src=\"https:\/\/bro-sis.jp\/wp-content\/uploads\/2023\/10\/image-5.png\" alt=\"\" class=\"wp-image-1743\" srcset=\"https:\/\/bro-sis.jp\/wp-content\/uploads\/2023\/10\/image-5.png 800w, https:\/\/bro-sis.jp\/wp-content\/uploads\/2023\/10\/image-5-300x169.png 300w, https:\/\/bro-sis.jp\/wp-content\/uploads\/2023\/10\/image-5-768x432.png 768w, https:\/\/bro-sis.jp\/wp-content\/uploads\/2023\/10\/image-5-320x180.png 320w\" sizes=\"(max-width: 800px) 100vw, 800px\" \/><\/figure>\n\n\n\n<figure class=\"wp-block-image size-large\"><img loading=\"lazy\" decoding=\"async\" width=\"800\" height=\"450\" data-id=\"1740\" src=\"https:\/\/bro-sis.jp\/wp-content\/uploads\/2023\/10\/image-2.png\" alt=\"\" class=\"wp-image-1740\" srcset=\"https:\/\/bro-sis.jp\/wp-content\/uploads\/2023\/10\/image-2.png 800w, https:\/\/bro-sis.jp\/wp-content\/uploads\/2023\/10\/image-2-300x169.png 300w, https:\/\/bro-sis.jp\/wp-content\/uploads\/2023\/10\/image-2-768x432.png 768w, https:\/\/bro-sis.jp\/wp-content\/uploads\/2023\/10\/image-2-320x180.png 320w\" sizes=\"(max-width: 800px) 100vw, 800px\" \/><\/figure>\n\n\n\n<figure class=\"wp-block-image size-large\"><img loading=\"lazy\" decoding=\"async\" width=\"800\" height=\"450\" data-id=\"1741\" src=\"https:\/\/bro-sis.jp\/wp-content\/uploads\/2023\/10\/image-3.png\" alt=\"\" class=\"wp-image-1741\" srcset=\"https:\/\/bro-sis.jp\/wp-content\/uploads\/2023\/10\/image-3.png 800w, https:\/\/bro-sis.jp\/wp-content\/uploads\/2023\/10\/image-3-300x169.png 300w, https:\/\/bro-sis.jp\/wp-content\/uploads\/2023\/10\/image-3-768x432.png 768w, https:\/\/bro-sis.jp\/wp-content\/uploads\/2023\/10\/image-3-320x180.png 320w\" sizes=\"(max-width: 800px) 100vw, 800px\" \/><\/figure>\n\n\n\n<figure class=\"wp-block-image size-large\"><img loading=\"lazy\" decoding=\"async\" width=\"800\" height=\"450\" data-id=\"1745\" src=\"https:\/\/bro-sis.jp\/wp-content\/uploads\/2023\/10\/image-7.png\" alt=\"\" class=\"wp-image-1745\" srcset=\"https:\/\/bro-sis.jp\/wp-content\/uploads\/2023\/10\/image-7.png 800w, https:\/\/bro-sis.jp\/wp-content\/uploads\/2023\/10\/image-7-300x169.png 300w, https:\/\/bro-sis.jp\/wp-content\/uploads\/2023\/10\/image-7-768x432.png 768w, https:\/\/bro-sis.jp\/wp-content\/uploads\/2023\/10\/image-7-320x180.png 320w\" sizes=\"(max-width: 800px) 100vw, 800px\" \/><\/figure>\n\n\n\n<figure class=\"wp-block-image size-large\"><img loading=\"lazy\" decoding=\"async\" width=\"800\" height=\"450\" data-id=\"1744\" src=\"https:\/\/bro-sis.jp\/wp-content\/uploads\/2023\/10\/image-6.png\" alt=\"\" class=\"wp-image-1744\" srcset=\"https:\/\/bro-sis.jp\/wp-content\/uploads\/2023\/10\/image-6.png 800w, https:\/\/bro-sis.jp\/wp-content\/uploads\/2023\/10\/image-6-300x169.png 300w, https:\/\/bro-sis.jp\/wp-content\/uploads\/2023\/10\/image-6-768x432.png 768w, https:\/\/bro-sis.jp\/wp-content\/uploads\/2023\/10\/image-6-320x180.png 320w\" sizes=\"(max-width: 800px) 100vw, 800px\" \/><\/figure>\n\n\n\n<figure class=\"wp-block-image size-large\"><img loading=\"lazy\" decoding=\"async\" width=\"800\" height=\"450\" data-id=\"1739\" src=\"https:\/\/bro-sis.jp\/wp-content\/uploads\/2023\/10\/image-1.png\" alt=\"\" class=\"wp-image-1739\" srcset=\"https:\/\/bro-sis.jp\/wp-content\/uploads\/2023\/10\/image-1.png 800w, https:\/\/bro-sis.jp\/wp-content\/uploads\/2023\/10\/image-1-300x169.png 300w, https:\/\/bro-sis.jp\/wp-content\/uploads\/2023\/10\/image-1-768x432.png 768w, https:\/\/bro-sis.jp\/wp-content\/uploads\/2023\/10\/image-1-320x180.png 320w\" sizes=\"(max-width: 800px) 100vw, 800px\" \/><\/figure>\n<\/figure>\n\n\n\n<p class=\"is-style-blockbox\"><\/p>\n\n\n\n<p class=\"is-style-blockbox\"><\/p>\n\n\n\n<h2 class=\"wp-block-heading is-style-vk-heading-background_fill_lightgray\"><\/h2>\n\n\n\n<p class=\"is-style-blockbox\"><\/p>\n\n\n\n<p class=\"is-style-blockbox\"><\/p>\n\n\n\n<p class=\"is-style-blockbox\"><\/p>\n\n\n\n<p class=\"is-style-blockbox\"><\/p>\n\n\n\n<p class=\"is-style-blockbox\"><\/p>\n\n\n\n<h2 class=\"wp-block-heading is-style-vk-heading-background_fill_lightgray\"><\/h2>\n\n\n\n<p class=\"is-style-blockbox\"><\/p>\n\n\n\n<p class=\"is-style-blockbox\"><\/p>\n\n\n\n<h2 class=\"wp-block-heading is-style-vk-heading-background_fill_lightgray\"><\/h2>\n\n\n\n<p class=\"is-style-blockbox\"><\/p>\n\n\n\n<div class=\"wp-block-buttons is-layout-flex wp-block-buttons-is-layout-flex\"><\/div>\n\n\n\n<div class=\"wp-block-group\"><div class=\"wp-block-group__inner-container is-layout-flow wp-block-group-is-layout-flow\">\n<div class=\"wp-block-group\"><div class=\"wp-block-group__inner-container is-layout-flow wp-block-group-is-layout-flow\"><\/div><\/div>\n<\/div><\/div>\n\n\n\n<div class=\"wp-block-group\"><div class=\"wp-block-group__inner-container is-layout-flow wp-block-group-is-layout-flow\">\n<p><\/p>\n<\/div><\/div>\n\n\n\n<p><\/p>\n<div class=\"veu_socialSet veu_socialSet-position-after veu_contentAddSection\"><script>window.twttr=(function(d,s,id){var js,fjs=d.getElementsByTagName(s)[0],t=window.twttr||{};if(d.getElementById(id))return t;js=d.createElement(s);js.id=id;js.src=\"https:\/\/platform.twitter.com\/widgets.js\";fjs.parentNode.insertBefore(js,fjs);t._e=[];t.ready=function(f){t._e.push(f);};return t;}(document,\"script\",\"twitter-wjs\"));<\/script><ul><\/ul><\/div><!-- [ \/.socialSet ] -->","protected":false},"excerpt":{"rendered":"<p>\u00a1Quiero crear un coche que sea de mi agrado y que exprese mis propios pensamientos! !\u3000\u3000\u3000 Demos forma a esa ide [&hellip;]<\/p>\n","protected":false},"author":1,"featured_media":1491,"parent":3133,"menu_order":0,"comment_status":"closed","ping_status":"closed","template":"","meta":{"footnotes":""},"aioseo_notices":[],"_links":{"self":[{"href":"https:\/\/bro-sis.jp\/index.php?rest_route=\/wp\/v2\/pages\/3382"}],"collection":[{"href":"https:\/\/bro-sis.jp\/index.php?rest_route=\/wp\/v2\/pages"}],"about":[{"href":"https:\/\/bro-sis.jp\/index.php?rest_route=\/wp\/v2\/types\/page"}],"author":[{"embeddable":true,"href":"https:\/\/bro-sis.jp\/index.php?rest_route=\/wp\/v2\/users\/1"}],"replies":[{"embeddable":true,"href":"https:\/\/bro-sis.jp\/index.php?rest_route=%2Fwp%2Fv2%2Fcomments&post=3382"}],"version-history":[{"count":3,"href":"https:\/\/bro-sis.jp\/index.php?rest_route=\/wp\/v2\/pages\/3382\/revisions"}],"predecessor-version":[{"id":3476,"href":"https:\/\/bro-sis.jp\/index.php?rest_route=\/wp\/v2\/pages\/3382\/revisions\/3476"}],"up":[{"embeddable":true,"href":"https:\/\/bro-sis.jp\/index.php?rest_route=\/wp\/v2\/pages\/3133"}],"wp:featuredmedia":[{"embeddable":true,"href":"https:\/\/bro-sis.jp\/index.php?rest_route=\/wp\/v2\/media\/1491"}],"wp:attachment":[{"href":"https:\/\/bro-sis.jp\/index.php?rest_route=%2Fwp%2Fv2%2Fmedia&parent=3382"}],"curies":[{"name":"wp","href":"https:\/\/api.w.org\/{rel}","templated":true}]}}