{"id":3425,"date":"2021-05-16T00:13:26","date_gmt":"2021-05-15T15:13:26","guid":{"rendered":"https:\/\/bro-sis.jp\/?page_id=3425"},"modified":"2024-11-12T10:54:16","modified_gmt":"2024-11-12T01:54:16","slug":"blaze-smart-ev-%e3%82%b9%e3%83%9a%e3%82%a4%e3%83%b3-2","status":"publish","type":"page","link":"https:\/\/bro-sis.jp\/?page_id=3425&lang=es","title":{"rendered":"BLAZE SMART EV"},"content":{"rendered":"\n<figure class=\"wp-block-image\"><img decoding=\"async\" src=\"https:\/\/portal.blaze-inc.co.jp\/smartev\/asset\/images\/home\/style_p01.png\" alt=\"\u00a1Genial para una salida corta! BLAZE SMART EV, una bicicleta el\u00e9ctrica plegable\"\/><\/figure>\n\n\n\n<p>BLAZE SMART EV es una bicicleta el\u00e9ctrica plegable.<br>Al plegarlo, podr\u00e1s guardarlo f\u00e1cilmente en tu coche y \u00a1tambi\u00e9n es f\u00e1cil de transportar!<br>Equipado con una bater\u00eda de iones de litio de alta capacidad, puede subir colinas sin problemas. Puede recorrer unos 30 km con una sola carga en un tomacorriente dom\u00e9stico, \u00a1por lo que es perfecto para salidas cortas! F\u00e1cil de poseer.<\/p>\n\n\n\n<p><\/p>\n\n\n\n<figure class=\"wp-block-gallery has-nested-images columns-default is-cropped wp-block-gallery-1 is-layout-flex wp-block-gallery-is-layout-flex\">\n<figure class=\"wp-block-image size-large\"><img loading=\"lazy\" decoding=\"async\" width=\"540\" height=\"740\" data-id=\"1019\" src=\"https:\/\/bro-sis.jp\/wp-content\/uploads\/2021\/05\/p_ev_bk.png\" alt=\"\" class=\"wp-image-1019\" srcset=\"https:\/\/bro-sis.jp\/wp-content\/uploads\/2021\/05\/p_ev_bk.png 540w, https:\/\/bro-sis.jp\/wp-content\/uploads\/2021\/05\/p_ev_bk-219x300.png 219w\" sizes=\"(max-width: 540px) 100vw, 540px\" \/><\/figure>\n\n\n\n<figure class=\"wp-block-image size-large\"><img loading=\"lazy\" decoding=\"async\" width=\"540\" height=\"740\" data-id=\"1023\" src=\"https:\/\/bro-sis.jp\/wp-content\/uploads\/2021\/05\/p_ev_wh.png\" alt=\"\" class=\"wp-image-1023\" srcset=\"https:\/\/bro-sis.jp\/wp-content\/uploads\/2021\/05\/p_ev_wh.png 540w, https:\/\/bro-sis.jp\/wp-content\/uploads\/2021\/05\/p_ev_wh-219x300.png 219w\" sizes=\"(max-width: 540px) 100vw, 540px\" \/><\/figure>\n\n\n\n<figure class=\"wp-block-image size-large\"><img loading=\"lazy\" decoding=\"async\" width=\"540\" height=\"740\" data-id=\"1024\" src=\"https:\/\/bro-sis.jp\/wp-content\/uploads\/2021\/05\/p_ev_wr.png\" alt=\"\" class=\"wp-image-1024\" srcset=\"https:\/\/bro-sis.jp\/wp-content\/uploads\/2021\/05\/p_ev_wr.png 540w, https:\/\/bro-sis.jp\/wp-content\/uploads\/2021\/05\/p_ev_wr-219x300.png 219w\" sizes=\"(max-width: 540px) 100vw, 540px\" \/><\/figure>\n\n\n\n<figure class=\"wp-block-image size-large\"><img loading=\"lazy\" decoding=\"async\" width=\"540\" height=\"740\" data-id=\"1021\" src=\"https:\/\/bro-sis.jp\/wp-content\/uploads\/2021\/05\/p_ev_kh.png\" alt=\"\" class=\"wp-image-1021\" srcset=\"https:\/\/bro-sis.jp\/wp-content\/uploads\/2021\/05\/p_ev_kh.png 540w, https:\/\/bro-sis.jp\/wp-content\/uploads\/2021\/05\/p_ev_kh-219x300.png 219w\" sizes=\"(max-width: 540px) 100vw, 540px\" \/><\/figure>\n\n\n\n<figure class=\"wp-block-image size-large\"><img loading=\"lazy\" decoding=\"async\" width=\"540\" height=\"740\" data-id=\"1022\" src=\"https:\/\/bro-sis.jp\/wp-content\/uploads\/2021\/05\/p_ev_pastel.png\" alt=\"\" class=\"wp-image-1022\" srcset=\"https:\/\/bro-sis.jp\/wp-content\/uploads\/2021\/05\/p_ev_pastel.png 540w, https:\/\/bro-sis.jp\/wp-content\/uploads\/2021\/05\/p_ev_pastel-219x300.png 219w\" sizes=\"(max-width: 540px) 100vw, 540px\" \/><\/figure>\n\n\n\n<figure class=\"wp-block-image size-large\"><img loading=\"lazy\" decoding=\"async\" width=\"540\" height=\"740\" data-id=\"1020\" src=\"https:\/\/bro-sis.jp\/wp-content\/uploads\/2021\/05\/p_ev_denim.png\" alt=\"\" class=\"wp-image-1020\" srcset=\"https:\/\/bro-sis.jp\/wp-content\/uploads\/2021\/05\/p_ev_denim.png 540w, https:\/\/bro-sis.jp\/wp-content\/uploads\/2021\/05\/p_ev_denim-219x300.png 219w\" sizes=\"(max-width: 540px) 100vw, 540px\" \/><\/figure>\n<\/figure>\n\n\n\n<h4 class=\"wp-block-heading\">\u00a1Hay 6 colores para elegir!<br>[Negro\/Blanco\/Rojo vino\/Caqui\/Pastel\/Denim]<\/h4>\n\n\n\n<p><br><\/p>\n\n\n\n<h2 class=\"wp-block-heading\">\u00a1Peso del veh\u00edculo aproximadamente 18 kg!<br>Es aproximadamente 1\/4 del peso de una bicicleta motorizada convencional.<\/h2>\n\n\n\n<p><br><br><br><\/p>\n\n\n\n<div class=\"wp-block-columns is-layout-flex wp-container-core-columns-is-layout-1 wp-block-columns-is-layout-flex\">\n<div class=\"wp-block-column is-layout-flow wp-block-column-is-layout-flow\" style=\"flex-basis:70%\">\n<figure class=\"wp-block-image size-large\"><img loading=\"lazy\" decoding=\"async\" width=\"664\" height=\"482\" src=\"https:\/\/bro-sis.jp\/wp-content\/uploads\/2021\/05\/point02_p01.png\" alt=\"\" class=\"wp-image-1030\" srcset=\"https:\/\/bro-sis.jp\/wp-content\/uploads\/2021\/05\/point02_p01.png 664w, https:\/\/bro-sis.jp\/wp-content\/uploads\/2021\/05\/point02_p01-300x218.png 300w\" sizes=\"(max-width: 664px) 100vw, 664px\" \/><\/figure>\n<\/div>\n\n\n\n<div class=\"wp-block-column is-layout-flow wp-block-column-is-layout-flow\" style=\"flex-basis:30%\">\n<p>\u00a1Se puede llevar en el coche! Se pliega f\u00e1cilmente para almacenarlo en el coche, \u00a1lo que hace que transportarlo sea muy sencillo!<\/p>\n\n\n\n<p>El peso del veh\u00edculo es de aproximadamente 18 kg, lo que permite que incluso las mujeres lo manejen sin dificultad. Se puede plegar en solo 5 segundos, as\u00ed que puedes llevarlo a cualquier lugar, lo que facilita el traslado a tu destino despu\u00e9s de dejar el coche. Es una bicicleta ecol\u00f3gica ya que no emite CO2 en absoluto.<br>\u25cf Tama\u00f1o desplegado<br>Longitud total aproximadamente 1200 mm \/ Altura del manillar aproximadamente 650 mm \/ Altura aproximadamente 950 mm<br>\u25cf Tama\u00f1o plegado<br>Longitud total aproximadamente 600 mm \/ Altura del manillar aproximadamente 350 mm \/ Altura aproximadamente 1200 mm<\/p>\n<\/div>\n<\/div>\n\n\n\n<p><br><br><\/p>\n\n\n\n<figure class=\"wp-block-embed is-type-video is-provider-youtube wp-block-embed-youtube wp-embed-aspect-4-3 wp-has-aspect-ratio\"><div class=\"wp-block-embed__wrapper\">\n<iframe loading=\"lazy\" title=\"\u30d6\u30ec\u30a4\u30ba\u30b9\u30de\u30fc\u30c8EV-\u6298\u308a\u305f\u305f\u307f\u21d4\u8d70\u884c\u72b6\u614b\" width=\"1140\" height=\"855\" src=\"https:\/\/www.youtube.com\/embed\/fwaOpLpepNI?feature=oembed\" frameborder=\"0\" allow=\"accelerometer; autoplay; clipboard-write; encrypted-media; gyroscope; picture-in-picture; web-share\" referrerpolicy=\"strict-origin-when-cross-origin\" allowfullscreen><\/iframe>\n<\/div><\/figure>\n\n\n\n<p><br><\/p>\n\n\n<div class=\"wp-block-image\">\n<figure class=\"aligncenter size-full is-resized\"><img loading=\"lazy\" decoding=\"async\" width=\"686\" height=\"234\" src=\"https:\/\/bro-sis.jp\/wp-content\/uploads\/2024\/06\/\u30b9\u30af\u30ea\u30fc\u30f3\u30b7\u30e7\u30c3\u30c8-2024-06-14-14.51.32.png\" alt=\"\" class=\"wp-image-2704\" style=\"width:850px;height:auto\" srcset=\"https:\/\/bro-sis.jp\/wp-content\/uploads\/2024\/06\/\u30b9\u30af\u30ea\u30fc\u30f3\u30b7\u30e7\u30c3\u30c8-2024-06-14-14.51.32.png 686w, https:\/\/bro-sis.jp\/wp-content\/uploads\/2024\/06\/\u30b9\u30af\u30ea\u30fc\u30f3\u30b7\u30e7\u30c3\u30c8-2024-06-14-14.51.32-300x102.png 300w\" sizes=\"(max-width: 686px) 100vw, 686px\" \/><\/figure><\/div>\n\n\n<p><br><\/p>\n\n\n\n<figure class=\"wp-block-table\"><table><tbody><tr><td>Tama\u00f1o desplegado<br>Longitud total aprox. 1200 mm \/ Mango aprox. 650 mm \/ Altura aprox.<\/td><td>Tiempo de carga<br>aproximadamente 3,5 horas *1<\/td><\/tr><tr><td>Tama\u00f1o plegado<br>Longitud total aprox. 600 mm \/ Mango aprox. 350 mm \/ Altura aprox.<\/td><td>Salida nominal<br>0.35kw<\/td><\/tr><tr><td>Capacidad de pasajeros:<br>1 persona (120 kg)<\/td><td>Kilometraje:<br>Aproximadamente 30 km con carga completa *2 Seg\u00fan nuestra investigaci\u00f3n<\/td><\/tr><tr><td>Capacidad de carga m\u00e1xima<br>120 kg<\/td><td>Tama\u00f1o de neum\u00e1ticos<br>antes y despu\u00e9s: 315 mm<\/td><\/tr><tr><td>Peso del veh\u00edculo<br>aproximadamente 18 kg.<\/td><td>Freno<br>delantero y trasero: tipo disco<\/td><\/tr><tr><td>Tipo de bater\u00eda<br>Bater\u00eda de iones de litio<\/td><td>Velocidad m\u00e1xima<br>30 km\/h *3<\/td><\/tr><\/tbody><\/table><\/figure>\n\n\n\n<ol>\n<li>*1 El tiempo de carga var\u00eda dependiendo de la capacidad restante de la bater\u00eda.<\/li>\n\n\n\n<li>*2 Debido a nuestra investigaci\u00f3n, la distancia que se puede recorrer puede variar dependiendo de diversas condiciones como el clima, la carretera y el mantenimiento al momento de conducir.<\/li>\n\n\n\n<li>*3 Cuando el ocupante pesa 55 kg. A medida que aumenta la carga, aumenta la tensi\u00f3n sobre la bater\u00eda, por lo que la velocidad m\u00e1xima cambiar\u00e1.<a href=\"https:\/\/www.facebook.com\/sharer.php?src=bm&amp;u=https%3A%2F%2Fbro-sis.jp%2F%3Fpage_id%3D1018&amp;t=BLAZE+SMART+EV+%7C+brosis\" target=\"_blank\" rel=\"noreferrer noopener\"><\/a><\/li>\n<\/ol>\n<div class=\"veu_socialSet veu_socialSet-position-after veu_contentAddSection\"><script>window.twttr=(function(d,s,id){var js,fjs=d.getElementsByTagName(s)[0],t=window.twttr||{};if(d.getElementById(id))return t;js=d.createElement(s);js.id=id;js.src=\"https:\/\/platform.twitter.com\/widgets.js\";fjs.parentNode.insertBefore(js,fjs);t._e=[];t.ready=function(f){t._e.push(f);};return t;}(document,\"script\",\"twitter-wjs\"));<\/script><ul><\/ul><\/div><!-- [ \/.socialSet ] -->","protected":false},"excerpt":{"rendered":"<p>BLAZE SMART EV es una bicicleta el\u00e9ctrica plegable.Al plegarlo, podr\u00e1s guardarlo f\u00e1cilmente en tu coche y \u00a1tam [&hellip;]<\/p>\n","protected":false},"author":1,"featured_media":0,"parent":0,"menu_order":0,"comment_status":"closed","ping_status":"closed","template":"","meta":{"footnotes":""},"aioseo_notices":[],"_links":{"self":[{"href":"https:\/\/bro-sis.jp\/index.php?rest_route=\/wp\/v2\/pages\/3425"}],"collection":[{"href":"https:\/\/bro-sis.jp\/index.php?rest_route=\/wp\/v2\/pages"}],"about":[{"href":"https:\/\/bro-sis.jp\/index.php?rest_route=\/wp\/v2\/types\/page"}],"author":[{"embeddable":true,"href":"https:\/\/bro-sis.jp\/index.php?rest_route=\/wp\/v2\/users\/1"}],"replies":[{"embeddable":true,"href":"https:\/\/bro-sis.jp\/index.php?rest_route=%2Fwp%2Fv2%2Fcomments&post=3425"}],"version-history":[{"count":2,"href":"https:\/\/bro-sis.jp\/index.php?rest_route=\/wp\/v2\/pages\/3425\/revisions"}],"predecessor-version":[{"id":3475,"href":"https:\/\/bro-sis.jp\/index.php?rest_route=\/wp\/v2\/pages\/3425\/revisions\/3475"}],"wp:attachment":[{"href":"https:\/\/bro-sis.jp\/index.php?rest_route=%2Fwp%2Fv2%2Fmedia&parent=3425"}],"curies":[{"name":"wp","href":"https:\/\/api.w.org\/{rel}","templated":true}]}}